{"id":195,"date":"2023-12-07T13:27:07","date_gmt":"2023-12-07T12:27:07","guid":{"rendered":"https:\/\/wpbozek.wordpress.com\/?page_id=195"},"modified":"2026-03-23T12:02:56","modified_gmt":"2026-03-23T11:02:56","slug":"nachster-auftritt","status":"publish","type":"page","link":"https:\/\/original-baumberger-musikanten.de\/?page_id=195","title":{"rendered":"N\u00e4chster Auftritt"},"content":{"rendered":"\r\n<p style=\"padding-left: 40px;\"><span style=\"color: #9e7f53;\">\u00a0 \u00a0 \u00a0 \u00a0 \u00a0<\/span><\/p>\r\n<h3 style=\"text-align: left;\"><span style=\"color: #9e7f53;\">Wir freuen uns Sie, ja Dich, beim n\u00e4chsten \u00f6ffentlichen<br \/>Auftritt begr\u00fcssen zu d\u00fcrfen.<\/span><span style=\"color: #9e7f53;\">\u2764\ufe0f \u00a0 \u00a0 \u00a0 \u00a0 \u00a0 \u00a0 \u00a0 \u00a0 \u00a0 \u00a0 \u00a0 \u00a0 \u00a0 \u00a0 \u00a0 \u00a0 \u00a0<\/span><span style=\"color: #9e7f53;\"><br \/><br \/><br \/>17.05.2026 Sonntag 15:00h-17:00h<br \/>Salinenkonzert<br \/>59368 Werne, Am Hagen 2 <br \/><\/span><\/h3>\r\n<h3 style=\"text-align: left;\"><span style=\"color: #9e7f53;\">13.06.2026 Samstag <br \/>Musikschulfest Musikschule Havixbeck<br \/>Schulstra\u00dfe 5<br \/>48329 Havixbeck<\/span><\/h3>\r\n<h3 style=\"text-align: left;\"><span style=\"color: #9e7f53;\">21.06.26 Sonntag 11:00h-15:00h<br \/>Sch\u00fctzenfest Kiebitzheide<br \/>Walingen 26<br \/>48329 Havixbeck<\/span><\/h3>\r\n<h3 style=\"text-align: left;\"><span style=\"color: #9e7f53;\">03.07.2026 Freitag 19:30h-23:00h <br \/>B\u00f6hmischer Abend im Festzelt<br \/>St. Dionysius Bruderschaft Havixbeck<br \/>48329 Havixbeck <br \/><br \/>18.07.2026 Samstag 19:00h-21:30h<br \/>Konzert in der Konzertmuschel<br \/>Am Kurpark 12<br \/>49214 Bad Rothenfelde<\/span><\/h3>\r\n<h3 style=\"text-align: left;\"><span style=\"color: #9e7f53;\">01.08.2026 Samstag 17:30h-20:30h<br \/>Weinfest Altenberge<br \/>Friedhofstra\u00dfe 9<br \/><\/span><span style=\"color: #9e7f53;\">48341 Altenberge\u00a0<br \/><br \/>09.08.2026 Sonntag<br \/>Vororchester f\u00fcr die <br \/>Original Egerl\u00e4nder Musikanten<br \/>Im Schloss Raesfeld, Freiheit 25<br \/>46348 Raesfeld \u00a0<br \/><br \/>30.01.2027 Samstag 18:00h<br \/>Jahreskonzert 2027 der<br \/>Original Baumberger Musikanten e.V.<br \/>Im Forum der Gesamtschule<br \/>Schulstra\u00dfe 5<br \/>48329 Havixbeck<br \/><br \/><\/span><\/h3>\r\n<p>&nbsp;<\/p>\r\n<p>&nbsp;<\/p>\r\n<p>&nbsp;<\/p>\r\n<h4><br \/><br \/>\u00a0 \u00a0\u00a0<\/h4>\r\n<p>&nbsp;<\/p>\r\n<h4><br \/><br \/>\u00a0 \u00a0\u00a0<\/h4>\r\n<p>&nbsp;<\/p>\r\n<p>&nbsp;<\/p>\r\n<p><\/p>\r\n<figure class=\"wp-block-image size-large\"><\/figure>\r\n<p>&nbsp;<\/p>\r\n<p>&nbsp;<\/p>","protected":false},"excerpt":{"rendered":"<p>\u00a0 \u00a0 \u00a0 \u00a0 \u00a0 Wir freuen uns Sie, ja Dich, beim n\u00e4chsten \u00f6ffentlichenAuftritt begr\u00fcssen zu d\u00fcrfen.\u2764\ufe0f \u00a0 \u00a0 \u00a0 \u00a0 \u00a0 \u00a0 \u00a0 \u00a0 &hellip; <\/p>\n","protected":false},"author":1,"featured_media":0,"parent":0,"menu_order":8,"comment_status":"closed","ping_status":"closed","template":"","meta":{"footnotes":""},"class_list":["post-195","page","type-page","status-publish","hentry","latest_post"],"_links":{"self":[{"href":"https:\/\/original-baumberger-musikanten.de\/index.php?rest_route=\/wp\/v2\/pages\/195","targetHints":{"allow":["GET"]}}],"collection":[{"href":"https:\/\/original-baumberger-musikanten.de\/index.php?rest_route=\/wp\/v2\/pages"}],"about":[{"href":"https:\/\/original-baumberger-musikanten.de\/index.php?rest_route=\/wp\/v2\/types\/page"}],"author":[{"embeddable":true,"href":"https:\/\/original-baumberger-musikanten.de\/index.php?rest_route=\/wp\/v2\/users\/1"}],"replies":[{"embeddable":true,"href":"https:\/\/original-baumberger-musikanten.de\/index.php?rest_route=%2Fwp%2Fv2%2Fcomments&post=195"}],"version-history":[{"count":21,"href":"https:\/\/original-baumberger-musikanten.de\/index.php?rest_route=\/wp\/v2\/pages\/195\/revisions"}],"predecessor-version":[{"id":1530,"href":"https:\/\/original-baumberger-musikanten.de\/index.php?rest_route=\/wp\/v2\/pages\/195\/revisions\/1530"}],"wp:attachment":[{"href":"https:\/\/original-baumberger-musikanten.de\/index.php?rest_route=%2Fwp%2Fv2%2Fmedia&parent=195"}],"curies":[{"name":"wp","href":"https:\/\/api.w.org\/{rel}","templated":true}]}}